t) composite?
True
Suppose 4*t + 2*j = 2*t + 838, -t + 3*j + 403 = 0. Suppose 19*n - 20*n = -t. Is n composite?
True
Let r = 2655 + 872. Is r prime?
True
Suppose 1978 = 2*y + 2*a - 2006, -9972 = -5*y - 2*a. Suppose -3*j = -y + 517. Is j a composite number?
True
Suppose 5*q + 3*h + 26 = 8, -3*q - 26 = -2*h. Let x(r) = -53*r + 13. Is x(q) a prime number?
True
Suppose -2*b = -3*n + 9278, -6*b + 12380 = 4*n - 4*b. Let d = n - 1299. Let a = d - 828. Is a a prime number?
True
Let g = 15 - 10. Let n(q) = q**3 - 4*q**2 - 3*q - 5. Let t be n(g). Suppose 2*p + t*c - 252 = -18, -5*p - 5*c = -615. Is p composite?
False
Is 21776/24*6/4 a composite number?
False
Suppose 0 = -4*z + 2*m - 5*m + 698, 3*z - 520 = -4*m. Let p = z - 97. Let a = p + -12. Is a a prime number?
True
Suppose -21*v + 897669 = 6*v. Is v a composite number?
False
Suppose 0 = -3*y - 5*o + 15203, 2*y - 11766 = 4*o - 1616. Is y a composite number?
True
Suppose 2*g - 5*t - 4346 = 3399, -2*g = -3*t - 7739. Is g composite?
True
Suppose 25*o - 22*o = 10461. Is o a composite number?
True
Suppose 4*n = -y + 79556, 6*n - 2*n + 3*y = 79556. Is n prime?
True
Suppose 5*a - 4573 = z, -4*a + 3*z + 3658 = 2*z. Suppose -6*q = -a - 1887. Is q a prime number?
True
Suppose -5*p = 5*a - 8667 - 1803, -4*p + 4*a + 8416 = 0. Is p composite?
False
Suppose u + 51 = -4*x, 5*x + 2*u + 12 = -48. Let h = -11 - x. Suppose 324 + 309 = h*j. Is j prime?
True
Let v(c) = -7*c + 26. Let n = -33 - -16. Is v(n) a composite number?
True
Let a(v) = -1017*v + 308. Is a(-19) a prime number?
False
Let p = 13607 + 3014. Is p composite?
True
Suppose -8*p + 5144 = -0*p. Let k = p + -174. Is k prime?
False
Let z(f) = 20*f**2 + 13*f + 92. Is z(19) a prime number?
True
Let a(f) = 220*f + 9. Let t be a(4). Let d = -250 - 16. Let j = d + t. Is j prime?
False
Suppose -27248 = -3*w + s, 5*s - 22553 - 22867 = -5*w. Is w a composite number?
True
Suppose -4 = 5*v + 26. Let p = v - -11. Suppose -2*k + p*k - 237 = 0. Is k a composite number?
False
Suppose -4 = 3*v + 8, -y + 3*v + 38 = 0. Is (3 - (-8790)/13) + (-4)/y a composite number?
True
Let g(n) = 2*n + 39. Let k be g(0). Is (-47 - -1)/((-84)/k - -2) a prime number?
False
Let m be 4/(-18) + (-4)/(-18). Suppose m = 3*f - 6*f + 273. Is f composite?
True
Let t be 3/(-15) - 7586/(-5). Suppose -3*j + t = j + l, -380 = -j - l. Is j composite?
False
Let k(g) = 40*g**3 - g + 3. Is k(4) prime?
False
Suppose -23*i + 285973 = 14*i. Is i composite?
True
Let c be (-2)/3*(-147)/14. Suppose -6*s = -c*s + 188. Suppose -2*f + s = -0*f. Is f a prime number?
False
Let b be 4/(-6)*105/5. Let o = b + 181. Suppose -3*w + 136 = h, 2*h + 5*w - o - 102 = 0. Is h prime?
True
Let u(o) = -o**3 + 10*o**2 - 10*o + 13. Let y be u(9). Suppose 0 = 5*l - 0*a + 5*a - 30, 1 = l - y*a. Suppose -235 = -l*m + 2430. Is m a prime number?
False
Suppose 4*l + 7*r - 4*r - 47102 = 0, 2*l - 23544 = -5*r. Is l prime?
True
Let t(l) = -316*l - 1. Suppose -5*u + 3*f - 8 = 2*f, 6 = -u - 2*f. Is t(u) a composite number?
False
Let d(h) = -24*h - 1. Let c be d(-1). Suppose -16*q + c*q = 4081. Is q a composite number?
True
Suppose -5*l = -56 - 474. Let h = 255 - l. Is h composite?
False
Let p(b) = -160*b - 8. Let i = -18 - -12. Let c be p(i). Suppose c = r - 171. Is r prime?
True
Let o(z) = 3*z + 55. Let p be o(-17). Suppose 3*y + p*b - 1219 = 0, 2*y + 2*b - 810 = -2*b. Is y a composite number?
False
Suppose 2*y - 10 = 5*q, -3*y - 5*q + 5 = -2*y. Suppose 3715 = -0*n + y*n - 5*p, 2*p - 1486 = -2*n. Is n composite?
False
Suppose 0 = -3*v + 1 - 4. Let l be v/(-3)*(-8 + 23). Suppose -3*i = -l*i + 382. Is i a prime number?
True
Let a(i) be the first derivative of i**4/4 + 8*i**3/3 - 3*i**2/2 - 9*i + 10. Is a(8) composite?
False
Suppose 4*t - 2*u + 1790 = 0, 4*t + 3*u + 1820 = -u. Let w = t + 637. Is w a composite number?
True
Suppose -4153 = -20*h + 19*h + 2*t, 5*h - 5*t = 20765. Is h a composite number?
False
Let m be 1 + 0 + (-15)/(-3). Let k(w) = 269*w - 25. Is k(m) prime?
False
Is (-107)/(-214) + (-2)/((-4)/6013) prime?
False
Is (-13)/(715/(-707872)) - 14/10 composite?
True
Let k = -6111 - -9706. Is k prime?
False
Let f(a) = a**2 - 1. Let j(y) = -986*y**2 - 2*y - 3. Let u(b) = 4*f(b) - j(b). Is u(1) a composite number?
False
Suppose 376574 = -54*u + 1576940. Is u composite?
False
Let y be ((-360)/(-160))/((-6)/(-128)). Suppose f - 1 = -0, -4*x = 4*f - 12. Suppose -70 = -x*m + y. Is m a prime number?
True
Suppose -2*i - g + 5 = 4*g, -i = 2*g - 3. Suppose 4*o = 6 + 2, i*o - 1238 = -4*q. Is q prime?
True
Let f(z) = z**3 - 8*z**2 - 16*z - 8. Let h(y) = -12*y + 1. Let i be h(-1). Is f(i) composite?
True
Suppose 2*y - 1713 = -y. Let h = y - -232. Is h prime?
False
Suppose 9 = -4*n + 2*c + 27, 3*c = -3*n. Suppose -4*h - 5*o = 1, n*h + 5*o + 13 = h. Is 0 + 10 + (7 - h) a composite number?
False
Let m(o) = 5*o + 13 - 3 - 2. Is m(5) a prime number?
False
Let z be (-882)/(-70) - 6/10. Let h be 8/z + (-21)/(-9). Suppose 0 = 2*y + 3*y + 5, 4*l - 1225 = -h*y. Is l a prime number?
True
Let j be (-43986)/(-4)*14/21. Suppose 2*y + 1901 - j = 0. Is (-12)/42 - y/(-21) composite?
True
Suppose -5*c - c = 11328. Let j = -629 - c. Is j a prime number?
True
Suppose 0 = i + 7*i + 1744. Let p be 2/4 + (-1686)/4. Let q = i - p. Is q prime?
False
Suppose 5 - 2 = -3*w. Let m(r) = 1112*r**2 - r - 2. Is m(w) composite?
True
Let n be 2/(-6)*(1 - 1). Suppose 2*h + 340 = -5*k - 252, -h - 4*k - 290 = n. Let j = h + 491. Is j a prime number?
False
Let o(l) = l**2 - 6*l - 13. Let x be o(8). Let f be (-3 + -666)*(-6)/18. Suppose 0 = h - k - f, 8*k - 1115 = -5*h + x*k. Is h prime?
True
Suppose -4*d = -3*q + d + 3209, -3*d + 1079 = q. Is q a composite number?
True
Is 4/(-44) - (-43080)/44 prime?
False
Suppose 3*m = 4*m - 2. Suppose -3*u = u - m*x - 246, -u + 4*x + 58 = 0. Is u a composite number?
True
Let h be ((-9)/(-12))/(4/16). Suppose 16 = h*u - 0*u - 5*d, 4*d = -4*u. Suppose -3*y + 4*x = -1329, -y + 2215 = 4*y - u*x. Is y a prime number?
True
Let a(m) = -26*m - 17. Let n = 43 - 48. Is a(n) a prime number?
True
Let w be 80570/50 - (-2)/(-5). Let q = -902 + w. Is (-12 + 13)/(1/q) prime?
True
Let v(d) = 110*d**2 - 16*d + 71. Is v(6) prime?
False
Suppose -7*j + 15 = -4*j. Suppose 10*h - 9265 = j*h. Suppose 4*w = -u + 1489, 7*u - 3*u - h = -5*w. Is w composite?
False
Is 6665/3 + (-20)/30 composite?
False
Let c = -127 + -3192. Let f = c + 6846. Is f composite?
False
Let n(v) be the third derivative of 7*v**5/60 - v**4/3 + v**3/2 - 11*v**2. Is n(10) a composite number?
True
Suppose -23*s - 4*s + 31401 = 0. Is s a composite number?
False
Let u(j) = -j**3 - 13*j**2 + 16*j - 27. Let k be u(-18). Suppose 0 = -6*x - k + 5727. Is x prime?
False
Suppose -2*q + i = -14846, -2*i + 10664 + 19028 = 4*q. Is q a prime number?
False
Let k = 881 - 226. Is k a composite number?
True
Let m(i) = -i**2 - 10*i - 22. Let f be m(-6). Suppose 2*o + f*o = 15764. Is o composite?
True
Let v(s) = -9*s**2 - 6*s - 2. Suppose -5*r = 17 + 13. Let t be v(r). Let c = t + 493. Is c prime?
False
Let r(o) = 2180*o - 57. Is r(4) a composite number?
False
Let k(i) = -46*i**3 - 9*i**2 - 11*i + 9. Let q(x) = -9*x**3 - 2*x**2 - 2*x + 2. Let m(d) = -2*k(d) + 11*q(d). Is m(-3) a composite number?
False
Suppose 0 = -k - 3*b - 2*b + 6082, 0 = -2*k - 4*b + 12158. Is k a prime number?
False
Let x = 5 + -5. Suppose x = 2*z - 10, 3*l = 5*z + 4463 + 1467. Is l composite?
True
Suppose -29*y + 544852 = 15689. Is y a composite number?
True
Suppose -8 = -5*n + 3*n. Suppose 5 = 2*s + 1, 0 = -4*z - n*s + 28. Suppose -z + 550 = 5*y. Is y prime?
True
Suppose 5*y - 574 = 1516. Let v be (185/4)/((-2)/8). Let c = y + v. Is c prime?
True
Suppose -32*n = -44*n + 489756. Is n composite?
False
Let i(p) = -4*p**3 - p + 2. Let u be i(-2). Suppose -39 = -3*l + u. Suppose l = -5*d, -f = 3*f - 5*d - 373. Is f composite?
True
Suppose -8*k = -39673 - 23263. Is k composite?
False
Let l(x) = 8*x**3 - 4*x**2 - 10*x - 11. Is l(5) a composite number?
False
Let d(f) = 681*f**2 + 7*f + 27. Is d(-4) a prime number?
False
Let p(i) = i**3 - i**2 - 4*i + 254. Is p(0) a composite number?
True
Let a = 24 + -22. Suppose 0 = 5*c - 3*h - 319, -5*c + 331 = a*h + h. Is c a composite number?
True
Let b(c) = 12149*c - 190. Is b(1) a composite number?
False
Suppose -3*n + 1